 q(l).
4
Let c(u) = 0*u**2 + 0 - 11*u + 1 - 5 - u**2 - 3. Suppose -4*w - 25 = -w + 4*b, 2 = -2*b. What is c(w)?
21
Let u(r) = r**3 - 5*r**2 - 3. Let q = -29 + 32. Let f be 15/(-10)*q/(-9)*10. Calculate u(f).
-3
Let y(i) = 14*i - 51. Let u(n) = 8*n - 28. Let s(x) = 11*u(x) - 6*y(x). Suppose -d - 3*d = -8. What is s(d)?
6
Let z(s) = s - 9. Suppose -g - 54 = -10*g. Calculate z(g).
-3
Let v(u) = 2*u**3 + 5*u**2 + 2*u + 1. Let a = -50 + 64. Suppose -3*r = -5*m - 21, 2*m - 2*r = 2*r - a. What is v(m)?
-14
Let f(h) = -4*h + 5*h - 6194 + 6195. Give f(-4).
-3
Let k(r) = -r**3 + r**2 + r - 1. Let f(u) = -4*u**3 + 15*u**2 + 13*u - 11. Suppose -2*n = -12*n + 50. Let m(i) = n*k(i) - f(i). Calculate m(-9).
-3
Let g(w) = -7*w**2 + 4 + w**3 - 48*w - 43*w + 89*w. Let o be (-4 + -1)*(88/(-20) + 3). Determine g(o).
-10
Let x(y) be the first derivative of -2 - 5*y + 1/2*y**2 - 1/12*y**4 + 1/20*y**5 + 0*y**3. Let t(s) be the first derivative of x(s). Determine t(2).
5
Let z = 6 - 8. Let k(w) = 14*w**2 - 23*w**2 - w + 8*w**2 + 49 - 47. Determine k(z).
0
Let p = 277 + -277. Let b(v) = -v**3 + v**2 - 4*v + 3. Determine b(p).
3
Let i(l) = 153 + 164 - 334 - 2*l. What is i(-11)?
5
Let z(w) = 2*w**2 - 1. Let y be z(2). Suppose 5*u - y*j + 3*j - 2 = 0, -3*u + 14 = 4*j. Let t(b) = -45*b**2 - b + 46*b**2 + u*b**3 - b**3. Calculate t(0).
0
Let y(x) be the third derivative of x**5/15 + x**4/24 + x**3/6 + 123*x**2 - 2. Calculate y(-2).
15
Suppose -3*k - 117 = -183. Let n = 28 - k. Let d(b) = b**3 - 5*b**2 - 6*b - 7. Determine d(n).
-7
Let d(b) = 4*b + 6. Let o = -1713 - -1711. Determine d(o).
-2
Suppose -5*d = -25, d = -c + 6*c - 5. Let i be 1 + (-1 - c - -1). Let t(w) = -w - 2. What is t(i)?
-1
Let b(h) be the third derivative of -h**6/120 - h**2. Let t = -579 + 580. Give b(t).
-1
Let g(x) = x**2 - 1. Let f(z) = 5*z**2 - z - 4. Let b be (4 + 26/(-6))*-3. Let o(w) = b*f(w) - 6*g(w). What is o(-2)?
0
Let q(r) be the second derivative of -r**4/12 - 5*r**3/6 - 3*r**2 - 2*r + 12. What is q(-6)?
-12
Let v = -12 - -23. Let o = v + -6. Let c(y) = 1 - 2*y**2 - 3*y + o*y + 2*y. What is c(3)?
-5
Let h(z) = z**2 - 2*z - 1. Let m be ((-17)/(-2))/(-1*4/8). Let n = 19 + m. What is h(n)?
-1
Let l(u) = -2*u + 2. Let b = -369 + 372. Give l(b).
-4
Let j(f) = -f**3 + 3*f**2. Suppose -n - n = -6. Suppose -2*q - 3*q - 5*s = -20, n*q = 3*s. Suppose 0 = 2*z + 6, -q*a = 3*z - z. Determine j(a).
0
Let u(x) = -5*x**2 - 34*x + 9. Let p(i) = -6*i**2 - 35*i + 5. Let r(h) = 3*p(h) - 4*u(h). Determine r(-16).
-5
Let w(c) = 3*c**2 + 7*c + 1. Let x be (-3)/5*400/80. Determine w(x).
7
Let z be ((-14)/(-5) + -2)*-5. Let l(a) = -5*a**2 + 10*a - 4. Let g(m) = -4*m**2 + 9*m - 3. Let j(v) = -6*g(v) + 5*l(v). What is j(z)?
-2
Let q(s) = -4*s - 5. Let a(o) = -o**3 + 2*o**2 + 3*o - 5. Let i be a(3). Let n(j) = -8*j - 10. Let l(m) = i*q(m) + 2*n(m). Determine l(-4).
-11
Let v(w) = -52*w**2 + 6*w - 5. Let l be v(1). Let h = -47 - l. Let z(b) = b**2 - 5*b + 4. Give z(h).
0
Let f(i) be the second derivative of -25*i**3/6 - 3*i**2/2 + i - 204. Determine f(-2).
47
Let o(l) = 2*l - 4*l + 3 + 3*l. Let w(y) = y**2 - 93*y + 751. Let b be w(9). Determine o(b).
-2
Let p be -3*(-55)/(-15) - -5. Let a(k) = -k**3 - 4*k**2 + 1. Let f be a(-4). Let m be (-3)/(f - -2) - p. Let j(h) = h**2 - 7*h + 2. Determine j(m).
-8
Let b(n) = n**3 - 2*n**2 - 3*n + 3. Suppose 6 + 5 = q. Suppose 0 = t + 1, 0 = -2*j + t + q - 6. Calculate b(j).
-3
Let v(l) = l + 1. Let n(s) = s - 12. Let x(w) = -3*w + 11. Let g(y) = 4*n(y) + 3*x(y). Let q(a) = -g(a) - 4*v(a). Determine q(-5).
6
Let p = -21 - -22. Let h be (-24)/(-3) + p + -4. Let o(w) be the second derivative of -w**5/20 + w**4/3 + 5*w**3/6 + w**2 - 2*w. What is o(h)?
2
Let d(l) = l + 3. Suppose 3*x = -y - x, 3*x - 18 = -3*y. Suppose -3*p + p = j - y, 0 = 5*j. Let s(i) = -2*i - 5. Let g(b) = p*s(b) + 7*d(b). Calculate g(-4).
5
Let w(q) = -q**3 - 3*q**2 + q + 2. Let i be w(-3). Let r be -1 - (40*i - 1). Suppose -20*p = -25*p - r. Let o(u) = -u - 4. What is o(p)?
4
Let c(s) = 294 - 297 - 8*s**2 + 7*s**2 - 7*s. Give c(-3).
9
Suppose -3*b = 4*j - 50, -41*b + 45 = -36*b - j. Let p(x) = x**3 - 9*x**2 - 13*x - 6. What is p(b)?
-36
Let t(u) = -8*u**2 - u - 2. Suppose -5*o + 3*o - 5*f + 9 = 0, -3*f = -3*o + 3. Determine t(o).
-36
Let r(g) = -g**2 + 8*g - 3. Let i be r(7). Suppose -32 = -i*x + 4*y, 0*x + 2*x = -2*y. Let h(z) = z**2 - 4*z - 1. Give h(x).
-1
Let w(k) = k**3 + 4*k**2 + 2*k + 2. Let s(j) = -2*j**3 - 9*j**2 - 4*j - 5. Let h = -33 - -36. Let c(n) = h*s(n) + 7*w(n). Suppose 9 = -5*z - 1. What is c(z)?
-9
Let w(f) = f**2 - 16*f - 12. Let u = 3152 - 3135. What is w(u)?
5
Let z(a) = -a**2 + 5*a + 5. Let b(c) = -5*c**2 + 20*c + 19. Let l(j) = -j**2 - 2*j - 2. Let s be l(-2). Let o(p) = s*b(p) + 9*z(p). What is o(-5)?
7
Let x(s) = 3*s - 8. Let k be ((-28)/(-49))/(6/63) - 2. Calculate x(k).
4
Let q be (-1602)/(-126) - 12/(-42). Let n(b) = b**3 - 13*b**2 + 2*b - 14. Give n(q).
12
Let t(y) = -6*y + 6 + 2*y + 5*y**2 - 7*y**3 - 9 + 8*y**3. Calculate t(-6).
-15
Let d(m) = m - 6. Let f be d(10). Let s(k) = 0 + 0*k**3 - k**2 - 3*k**3 - 5 - k + f. Calculate s(-1).
2
Let i(j) = 4*j + 3. Let o be i(1). Let l be o/(14/(-8))*3/(-6). Let z(x) = -5*x**2 + 3*x. What is z(l)?
-14
Let r(g) = g**2 - 8*g - 9. Let s be r(9). Let w(l) = -l**2 + 2*l + 2. Let h be w(s). Let n(p) be the third derivative of -p**4/6 - p**3/6 + 31*p**2. Give n(h).
-9
Let w(r) be the first derivative of r**4/12 - 7*r**3/6 + 5*r**2/2 + 11*r - 3. Let g(l) be the first derivative of w(l). Determine g(5).
-5
Let p(x) = -x**2 - 2*x. Let f(d) = -4*d**2 + 9*d + 8. Let z(a) = f(a) - 3*p(a). Determine z(16).
-8
Let b(n) = n**2 - 9*n - 4. Let a(d) = -d**2 - 26*d - 125. Let s be a(-7). Calculate b(s).
-12
Let l(m) = m - 5. Suppose -w = -5*o - 1, -w - w + 23 = -3*o. Let z = w - 12. Determine l(z).
-1
Suppose -5*h = -23 - 2. Let n(m) be the third derivative of m**6/120 - m**5/12 - m**4/24 + m**3 + 17*m**2. Give n(h).
1
Suppose 16 - 6 = -10*l. Let k(q) = -25*q - 1. Calculate k(l).
24
Let d(w) = 5*w - 1. Let a be 24/(-108) - (-10)/45. Give d(a).
-1
Let y = 2814 + -2817. Let a be 6/4*44/6. Let r(o) = 9*o**3 + o**2 - 19*o - 9. Let g(l) = -5*l**3 - l**2 + 10*l + 5. Let f(x) = a*g(x) + 6*r(x). Calculate f(y).
-5
Suppose -157 - 11 = 5*m - g, -5*g = -15. Let h be (12/(-2))/(3 - m/(-9)). Let j(c) = c**2 - 9*c. Determine j(h).
0
Let c(q) = 5 - 20*q**2 + 8*q + q**3 - 27*q**2 + 51*q**2 - 3*q. Let z be c(-3). Let f(t) = -9*t + 4. Let w(k) = -k - 1. Let m(b) = f(b) + 3*w(b). What is m(z)?
13
Let f(a) = 5*a - 3. Suppose -4*b - 4*o = -148, 85 = 3*b - 4*o - 54. Let q = b - 39. What is f(q)?
7
Let n = -102 + 96. Let k(v) = -5*v**2 - 9*v + 7. Let s(f) = -4*f**2 - 8*f + 6. Let y(j) = 3*k(j) - 4*s(j). What is y(n)?
3
Let r(i) = -19*i + 2. Let w(h) = 34*h - 4. Let c(y) = 7*r(y) + 4*w(y). What is c(6)?
16
Suppose -n - 8*a + 3*a = -3, a = 5*n + 11. Let q = -5 + n. Let l(i) = i**3 + 7*i**2 + i + 9. Give l(q).
2
Suppose -5*v = 39 + 161. Let p = v - -52. Let k(o) = -2*o**3 + 6*o**2 - p*o + 3*o**3 + 17*o. Calculate k(-5).
0
Let g(h) = h**2 - 16*h + 24. Let x(k) = -2*k**2 - 93*k - 31. Let a be x(-46). Determine g(a).
9
Suppose 11*f - 2*f = -18. Let t be (70/(-20))/((-1)/f). Let u(j) = -j**3 - 8*j**2 - 5*j + 8. Calculate u(t).
-6
Let n be -1 + (-1 - -2)*3. Let l(t) = 8 + 5*t - t**n - t - 17. Let p(i) = 3*i**2 - 7*i + 19. Let j(y) = -5*l(y) - 2*p(y). Give j(-6).
7
Let t(g) be the first derivative of g**4/4 + 4*g**3/3 + 3*g**2/2 + 3*g + 78. What is t(-4)?
-9
Let q be (-3)/(3/(-5)) - 5. Let w(r) = -9*r + 26. Let d(y) = 4*y - 13. Let h(i) = -7*d(i) - 3*w(i). Calculate h(q).
13
Suppose 0 = -2*l + 6*l + 5*z + 8, -17 = l + 5*z. Let h(m) = -m - 2*m**3 + 4 + 2*m**2 + 3*m + m. Determine h(l).
-23
Suppose -3*v = a - 22, 38 = v + 4*v + 2*a. Let k = 0 + v. Let q(w) = 0 + 12831*w - 12825*w + 3 - w**2. Determine q(k).
3
Let b(l) = l + 1. Let n(o) = -6*o + 3. Let i(j) = b(j) - n(j). Let x(s) = 7*s - 3. Let a(d) = 3*i(d) - 2*x(d). What is a(3)?
21
Let j(n) = -10 + 0 + 0*n - 23*n**2 + 9 + 21*n**2 + 8*n. What is j(2)?
7
Let z be -6 - (0 + (-1 - 2)). Let n(o) = -5*o + 1. What is n(z)?
16
Let c(p) = -7*p**3 + 12*p**2 + 5*p + 12. Let z(o) = 16*o**3 - 26*o**2 - 10*o - 25. Let v(w) = -9*c(w) - 4*z(w). Calculate v